culate the remainder when p is divided by b.
26
Suppose 48*h + 43 + 485 = 0. Calculate the remainder when (-72)/(-5 + 2) + h/(-11) is divided by 6.
1
Let a = 10767 - 10738. Calculate the remainder when 37 is divided by a.
8
Let a = -127 - -166. What is the remainder when 1883 is divided by a?
11
Let m = 42155 + -37373. What is the remainder when m is divided by 17?
5
Let q = -39 + -26. Let w = -48 - q. What is the remainder when w is divided by 2?
1
Let o = 4443 + -4012. What is the remainder when o is divided by 210?
11
Suppose 2*o = -5 + 15. Suppose -2*z + 98 = -3*i, 0*i - 232 = -o*z + i. Let y = -283 - -295. What is the remainder when z is divided by y?
10
Let b(y) = 22*y - 6. Let h be b(1). Suppose -h*z + 17*z - 41 = 0. What is the remainder when z is divided by 11?
8
Let y(z) = -25*z - 1. Let k be y(-15). Let c = -265 + k. Suppose -2*a = -7*a + d + c, 3*a = d + 65. Calculate the remainder when a is divided by 8.
6
Let x(n) = -90*n + 1822. What is the remainder when x(18) is divided by 145?
57
Let a = -8789 - -9047. What is the remainder when 600 is divided by a?
84
Suppose -49*h + 34204 = -5976. What is the remainder when h is divided by 34?
4
Let u = -12 + 68. Suppose 13*a + 2*a = -1110. Let q = -54 - a. Calculate the remainder when u is divided by q.
16
Let j = 436 + 173. Suppose 464*x = 837*x - 409*x + 468. Calculate the remainder when j is divided by x.
11
Let k(m) = -18*m**3 - 28*m**2 - 62*m - 5. What is the remainder when 3770 is divided by k(-2)?
146
Suppose -221 = -5*b - 4*y, 2*b = -32*y + 29*y + 94. Let a = 363 - 162. Calculate the remainder when a is divided by b.
37
Suppose -2*h + 3*h = -3*q + 145, 4*q = -3*h + 185. Let t(u) = -u + 19. Calculate the remainder when (-2)/(q/(-72) - 2/(-3)) is divided by t(0).
15
Let x = -53 - -236. Let w = x + -148. What is the remainder when 101 is divided by w?
31
Let a = -22631 + 23077. Calculate the remainder when a is divided by 147.
5
What is the remainder when 1/(42/4) - ((-223040)/672 + 15) is divided by 47?
35
Let u = -81 + 97. Suppose 0 = 2*j - 358 + u. Suppose 6*p - 215 = p. Calculate the remainder when j is divided by p.
42
Suppose -a = -2*a + 82. What is the remainder when a is divided by (-653)/(-21) - 1 - 462/4851?
22
Let a = 457 + -433. Let f = 638 + -551. What is the remainder when f is divided by a?
15
Let u = -2158 - -6110. Calculate the remainder when u is divided by 23.
19
Let z be -2 + (-182)/21*(-6)/4. Calculate the remainder when 30 is divided by z + 15*(-1)/(-3).
14
Let g(a) = 3*a**3 - 2*a**2 - 8*a + 13. Let n be g(3). Let p = -61 - -85. Calculate the remainder when n/(-65) - (-398)/10 is divided by p.
15
Suppose -2*s = -2*b + 38, -2*s - 53 = -3*b - 3*s. Suppose -4*z + 120 = 4*w - 0*w, 0 = -3*z - w + 86. Calculate the remainder when z is divided by b.
10
Suppose -108 = 83*r - 86*r. Let p = 50 - r. What is the remainder when 40 is divided by p?
12
Suppose 4*q + 5*l - 2*l - 112 = 0, 112 = 4*q + 5*l. Let x = 1876 - 1773. Calculate the remainder when x is divided by q.
19
Let v be ((-1)/(-1))/(4/(-44)). Let o(z) = -2*z + 8. Calculate the remainder when 77 is divided by o(v).
17
Let r be 133 + 40/(-5) + 3 + 1. Suppose -5*u + 121 = -r. Let a = u + -32. Calculate the remainder when 51 is divided by a.
15
Let d(f) = 120*f + 431. What is the remainder when d(0) is divided by 206?
19
Suppose -3*z + 5404 = 25*z. What is the remainder when z is divided by 72?
49
Calculate the remainder when ((-18222)/4)/((-3)/(-2)*3/(-6)) is divided by 25.
24
Let c = -1237 - -1421. What is the remainder when c is divided by 59?
7
Let j = -2053 + 1064. Let l = 1074 + j. What is the remainder when l is divided by 70?
15
Calculate the remainder when 6/((-60)/(-110)) + 540 is divided by 69.
68
Suppose 3*n + 6485 = 6497, n + 18 = 2*v. Suppose 3*d - 54 = -u + 16, -5*u = d - 322. What is the remainder when u is divided by v?
9
Let g = -6734 + 7003. What is the remainder when g is divided by 12?
5
Suppose -4*h + 20 - 57 = -a, -4*h + 209 = 5*a. Suppose 107*j - 104*j = 261. Let i = j - a. What is the remainder when i is divided by 12?
10
Let x be (10/(-3))/(-3 + (-50)/(-18)). Suppose 0*b = 3*b + 5*a - 405, 5*a + x = 0. Let j = b + -98. What is the remainder when j is divided by 23?
19
Let g(a) = 47*a - 1614. What is the remainder when 1484 is divided by g(35)?
27
Suppose -26*j + 308 = 2*j. Calculate the remainder when 1521 is divided by j.
3
Let d be 5/105*12723 + (-7)/(-49). Suppose 45*g + 21 = d. Calculate the remainder when 388 is divided by g.
11
Calculate the remainder when -44 + 8 - -17 - -2345 is divided by 579.
10
Let q = -3 - -2. Calculate the remainder when q/(-2)*(-2 + 28) is divided by 18/(-6) - 8/(-1).
3
Let v be (0 + (-56)/10)*115/23. Calculate the remainder when 207 is divided by (-7)/(v/24) + 46.
51
Let j be 4/2*15/10. Suppose j*z + 5*l - 41 = 0, 5*z - 2*l = 94 - 5. Calculate the remainder when 30 is divided by ((-21)/7)/((-3)/z).
13
Suppose -3*h + 33 = -3*a, 3*h + 15 = -a + 6*h. What is the remainder when a*(-6)/81 - (-184)/3 is divided by 31?
0
Suppose 16*y = -4*k + 19*y + 1651, 0 = 4*k + 4*y - 1644. Calculate the remainder when k is divided by 69.
67
Suppose 0 = 5*b + 43 - 98. Suppose -s + 2 + 1 = 0. Suppose s*p = x + 155, -4*p - 5*x + x = -228. Calculate the remainder when p is divided by b.
9
Let b = 28 - 43. Let j be ((-11)/(-3))/((-1)/b). Let y = 68 - j. What is the remainder when 50 is divided by y?
11
Let n(a) = a**3 + 3*a**2 - 4*a + 7. Let g(o) = -5*o**2 + 6*o + 7. Let y be g(-1). What is the remainder when 1 + 27 + 1 + -4 is divided by n(y)?
4
Let p be (29 - 31)*(-1)/(4/10). Let d(v) = -v - 32. Let c(y) = y + 16. Let o(x) = p*c(x) + 2*d(x). Calculate the remainder when o(-4) is divided by 4.
0
Let g(t) = t**3 + 33*t**2 - 39*t + 729. Calculate the remainder when g(-30) is divided by 11.
1
Let i(f) = -f**2 - f**2 + f**3 - 5*f**2 - 10*f - f. Let b be i(9). Calculate the remainder when 70 is divided by (-14)/b + 173/9.
13
Let q = 17655 + -9131. What is the remainder when q is divided by 21?
19
Suppose -2*c = 10, 5*x + 60 - 160 = -4*c. Let z be 2 - (-845)/(-30) - (-2)/12. Let k = z - -73. What is the remainder when k is divided by x?
23
Suppose 102 = 5*u - 2258. Calculate the remainder when u - 4*(-15)/12 is divided by 48.
45
Let o(a) = 4*a**2 + 12*a. Let q be o(-6). Let g = -68 + q. Suppose 3*l - 19 = -2*d, 9*d - 22 = l + g*d. Calculate the remainder when l is divided by 3.
0
Suppose 0 = -4*d + 99 + 53. Suppose d*u = 56*u - 216. What is the remainder when 45 is divided by u?
9
Let m(c) = -c**3 + 13*c**2 + 206*c - 46. What is the remainder when m(-12) is divided by 351?
29
Suppose -4*r = -11*r + 126. What is the remainder when 1286 is divided by r?
8
Let f(y) be the second derivative of y**5/20 - y**4/12 - 7*y**2 + 2*y + 4. What is the remainder when 67 is divided by f(4)?
33
Let h = -557 + 598. Let v = -86 - -95. What is the remainder when h is divided by v?
5
Let l(x) = -x**3 - 12*x**2 - 20*x - 4. Let a be l(-10). Calculate the remainder when a/10 - (-268)/20 is divided by 3.
1
Calculate the remainder when ((-246)/328)/((-3)/5436) is divided by 43.
26
Let i be (8880/(-44) - 4/22)*-1. Suppose -2*o = -i - 136. What is the remainder when o is divided by 10?
9
Suppose -3985 = -19*a + 974. Suppose 3*v - a = 3*g, 153 = 2*v - g - 18. What is the remainder when v is divided by 17?
16
Let a(x) = 7*x + 67. Let y be a(-4). Suppose 29 = 6*l - 5*l + 2*r, -3*r = -l + y. What is the remainder when 988 is divided by l?
31
Suppose l + 11 - 97 = 0. Let h(z) = z**2 + 39*z + 4. Let g be h(-39). Calculate the remainder when l is divided by (-5 + (-49)/g)/(12/(-16)).
17
Suppose -1044*x + 1039*x - 1085 = -5*f, 0 = x. Calculate the remainder when 1516 is divided by f.
214
Let z(a) = 13*a + 5. Let q be z(0). Suppose 0 = 4*x - 2*i - 206 - 66, -x + q*i + 77 = 0. What is the remainder when x is divided by 19?
10
Let u(d) = 3*d**2 - 2*d - 4. Let l = -203 + 248. Suppose 41*x = l*x - 72. Calculate the remainder when u(-4) is divided by x.
16
What is the remainder when ((-123540)/5325)/((-8)/30) is divided by -28*((-7)/4 + 1)?
3
Let c(l) = -l**2 + 5*l + 32. Let s be c(-13). Let u = 333 + s. What is the remainder when u is divided by ((-5)/(-10))/((-2)/(-48))?
11
Let q = 42485 - 39062. Calculate the remainder when